ainder when 84271 is divided by 392?
383
What is the remainder when 5754 is divided by 230?
4
What is the remainder when 96107 is divided by 12011?
19
What is the remainder when 3953 is divided by 515?
348
Calculate the remainder when 16061 is divided by 27.
23
What is the remainder when 8740 is divided by 53?
48
What is the remainder when 71013 is divided by 386?
375
What is the remainder when 4584 is divided by 159?
132
What is the remainder when 10465 is divided by 9?
7
Calculate the remainder when 8433 is divided by 90.
63
What is the remainder when 1696 is divided by 470?
286
Calculate the remainder when 383302 is divided by 47912.
6
What is the remainder when 4796 is divided by 22?
0
What is the remainder when 565 is divided by 97?
80
What is the remainder when 8769 is divided by 17?
14
Calculate the remainder when 17894 is divided by 615.
59
What is the remainder when 789 is divided by 176?
85
Calculate the remainder when 8123 is divided by 8087.
36
Calculate the remainder when 1378 is divided by 500.
378
Calculate the remainder when 74680 is divided by 2575.
5
What is the remainder when 11052 is divided by 796?
704
Calculate the remainder when 78683 is divided by 78638.
45
Calculate the remainder when 8432 is divided by 3584.
1264
Calculate the remainder when 79807 is divided by 64.
63
Calculate the remainder when 1624 is divided by 799.
26
What is the remainder when 3435 is divided by 193?
154
Calculate the remainder when 1956 is divided by 1663.
293
Calculate the remainder when 1586 is divided by 60.
26
Calculate the remainder when 4948 is divided by 56.
20
Calculate the remainder when 291593 is divided by 213.
209
Calculate the remainder when 66098 is divided by 11005.
68
What is the remainder when 7634 is divided by 6518?
1116
What is the remainder when 13363 is divided by 2125?
613
Calculate the remainder when 23286 is divided by 2910.
6
What is the remainder when 309520 is divided by 70?
50
Calculate the remainder when 12647 is divided by 12.
11
Calculate the remainder when 31180 is divided by 7792.
12
What is the remainder when 693529 is divided by 145?
139
Calculate the remainder when 18141 is divided by 5257.
2370
What is the remainder when 19081 is divided by 3178?
13
Calculate the remainder when 24548 is divided by 21.
20
What is the remainder when 11933 is divided by 35?
33
Calculate the remainder when 71268 is divided by 23732.
72
What is the remainder when 146269 is divided by 6965?
4
Calculate the remainder when 5397 is divided by 322.
245
Calculate the remainder when 479240 is divided by 1350.
1340
What is the remainder when 63668 is divided by 346?
4
Calculate the remainder when 26877 is divided by 1413.
30
What is the remainder when 31904 is divided by 43?
41
What is the remainder when 103084 is divided by 165?
124
What is the remainder when 58074 is divided by 256?
218
Calculate the remainder when 1122144 is divided by 207.
204
What is the remainder when 31708 is divided by 3170?
8
What is the remainder when 10132 is divided by 1115?
97
Calculate the remainder when 9695 is divided by 65.
10
What is the remainder when 186851 is divided by 379?
4
What is the remainder when 87756 is divided by 402?
120
What is the remainder when 923 is divided by 798?
125
What is the remainder when 27281 is divided by 1942?
93
Calculate the remainder when 62293 is divided by 31115.
63
What is the remainder when 300381 is divided by 1069?
1061
What is the remainder when 158141 is divided by 706?
703
Calculate the remainder when 9413 is divided by 66.
41
Calculate the remainder when 43927 is divided by 115.
112
What is the remainder when 84177 is divided by 5?
2
What is the remainder when 6156 is divided by 1210?
106
Calculate the remainder when 29808 is divided by 523.
520
Calculate the remainder when 21280 is divided by 1328.
32
What is the remainder when 1212 is divided by 193?
54
What is the remainder when 284680 is divided by 46?
32
Calculate the remainder when 2650 is divided by 131.
30
Calculate the remainder when 1549 is divided by 921.
628
What is the remainder when 1750 is divided by 140?
70
Calculate the remainder when 16995 is divided by 42.
27
Calculate the remainder when 46501 is divided by 3095.
76
Calculate the remainder when 32254 is divided by 127.
123
What is the remainder when 76669 is divided by 360?
349
What is the remainder when 61566 is divided by 10259?
12
What is the remainder when 7647 is divided by 959?
934
Calculate the remainder when 1989 is divided by 187.
119
What is the remainder when 31490 is divided by 6295?
15
What is the remainder when 4502 is divided by 1921?
660
What is the remainder when 24632 is divided by 113?
111
What is the remainder when 1206278 is divided by 27?
26
Calculate the remainder when 6853 is divided by 326.
7
What is the remainder when 1623 is divided by 47?
25
What is the remainder when 209740 is divided by 4?
0
Calculate the remainder when 41733 is divided by 20853.
27
Calculate the remainder when 165048 is divided by 323.
318
Calculate the remainder when 108632 is divided by 1597.
36
Calculate the remainder when 1424 is divided by 54.
20
Calculate the remainder when 598432 is divided by 34.
32
What is the remainder when 129722 is divided by 120?
2
Calculate the remainder when 43657 is divided by 77.
75
What is the remainder when 6881 is divided by 2291?
8
Calculate the remainder when 205242 is divided by 102612.
18
Calculate the remainder when 148 is divided by 31.
24
Calculate the remainder when 3236 is divided by 14.
2
Calculate the remainder when 59274 is divided by 43.
20
What is the remainder when 5312 is divided by 2655?
2
Calculate the remainder when 114931 is divided by 91.
89
What is the remainder when 104799 is divided by 40?
39
Calculate the remainder when 13450 is divided by 204.
190
Calculate the remainder when 809143 is divided by 7.
6
What is the remainder when 682 is divided by 133?
17
Calculate the remainder when 5785 is divided by 962.
13
What is the remainder when 38443 is divided by 11?
9
What is the remainder when 61041 is divided by 10?
1
Calculate the remainder when 44586 is divided by 44581.
5
Calculate the remainder when 17433 is divided by 47.
43
Calculate the remainder when 1361559 is divided by 68.
63
Calculate the remainder when 310915 is divided by 53.
17
Calculate the remainder when 490840 is divided by 14024.
0
Calculate the remainder when 18586 is divided by 62.
48
What is the remainder when 6828 is divided by 174?
42
Calculate the remainder when 10789 is divided by 15.
4
What is the remainder when 34383 is divided by 82?
25
Calculate the remainder when 11524 is divided by 891.
832
Calculate the remainder when 114447 is divided by 17.
3
Calculate the remainder when 7823 is divided by 1347.
1088
Calculate the remainder when 1122 is divided by 259.
86
Calculate the remainder when 2225 is divided by 707.
104
What is the remainder when 798 is divided by 192?
30
What is the remainder when 7455857 is divided by 170?
167
Calculate the remainder when 2965 is divided by 590.
15
What is the remainder when 160300 is divided by 269?
245
What is the remainder when 15172 is divided by 13990?
1182
What is the remainder when 526003 is divided by 9?
7
Calculate the remainder when 54250 is divided by 18077.
19
Calculate the remainder when 857276 is divided by 114.
110
What is the remainder when 250111 is divided by 11?
4
What is the remainder when 14508 is divided by 10?
8
Calculate the remainder when 9257 is divided by 4627.
3
Calculate the remainder when 34310 is divided by 34297.
13
What is the remainder when 25293 is divided by 494?
99
Calculate the remainder when 381 is divided by 147.
87
What is the remainder when 68135 is divided by 470?
455
Calculate the remainder when 1963 is divided by 82.
77
What is the remainder when 1922 is divided by 814?
294
Calculate the remainder when 163103 is divided by 81537.
29
What is the remainder when 20642 is divided by 544?
514
What is the remainder when 408 is divided by 133?
9
What is the remainder when 410 is divided by 107?
89
Calculate the remainder when 402867 is divided by 92.
91
Calculate the remainder when 118096 is divided by 862.
2
Calculate the remainder when 228645 is divided by 16.
5
What is the remainder